7, 3449
What are the prime factors of 38167558?
2, 11, 13, 113, 1181
What are the prime factors of 936094864?
2, 43, 47, 28949
What are the prime factors of 36374797?
19, 1063, 1801
List the prime factors of 257463645.
3, 5, 101, 169943
List the prime factors of 28961782.
2, 14480891
What are the prime factors of 51888381?
3, 17296127
List the prime factors of 38963497.
31, 1256887
List the prime factors of 3495654931.
23, 11239, 13523
What are the prime factors of 41326760?
2, 5, 73, 14153
List the prime factors of 2067143963.
607, 3405509
List the prime factors of 941599821.
3, 59, 5319773
What are the prime factors of 450969310?
2, 5, 11, 4099721
What are the prime factors of 29693276?
2, 19, 23, 16987
What are the prime factors of 2121208?
2, 265151
List the prime factors of 2591269690.
2, 5, 283, 863, 1061
List the prime factors of 802905044.
2, 2837, 70753
What are the prime factors of 1119023721?
3, 2729, 15187
What are the prime factors of 20512371?
3, 11, 83, 7489
List the prime factors of 5805533214.
2, 3, 13, 139, 178489
What are the prime factors of 192013559?
5197, 36947
What are the prime factors of 1076846401?
307, 3507643
List the prime factors of 15786038.
2, 7893019
What are the prime factors of 507349067?
47, 10794661
What are the prime factors of 3229913746?
2, 31, 52095383
List the prime factors of 573271138.
2, 11, 173, 13693
What are the prime factors of 210892908?
2, 3, 17574409
What are the prime factors of 64364906?
2, 103, 312451
List the prime factors of 30742250.
2, 5, 7, 11, 1597
What are the prime factors of 79660396?
2, 19915099
What are the prime factors of 221658643?
221658643
What are the prime factors of 1050849936?
2, 3, 353, 2297
List the prime factors of 81720528.
2, 3, 1702511
List the prime factors of 887778608.
2, 55486163
What are the prime factors of 34240533?
3, 17, 671383
List the prime factors of 2608868622.
2, 3, 41, 193, 54949
List the prime factors of 192785049.
3, 17, 263, 1597
What are the prime factors of 30124826?
2, 673, 22381
What are the prime factors of 461010936?
2, 3, 1291, 14879
List the prime factors of 3014495.
5, 11, 23, 2383
List the prime factors of 318281999.
7, 1613, 4027
List the prime factors of 1883679.
3, 7, 19, 4721
What are the prime factors of 1917695018?
2, 7417, 129277
What are the prime factors of 30869571?
3, 43, 97, 2467
List the prime factors of 2107698910.
2, 5, 11369, 18539
List the prime factors of 53464883.
167, 320149
List the prime factors of 101323068.
2, 3, 7, 11, 53, 2069
List the prime factors of 45001997.
29, 1551793
List the prime factors of 93065229.
3, 313, 33037
What are the prime factors of 891884531?
29, 757, 40627
List the prime factors of 495972769.
495972769
List the prime factors of 44198338.
2, 22099169
What are the prime factors of 58270803?
3, 619, 31379
What are the prime factors of 2609616993?
3, 37, 271, 86753
List the prime factors of 2705925557.
2705925557
What are the prime factors of 111601883?
83, 1344601
What are the prime factors of 247665581?
247665581
List the prime factors of 62736281.
31, 293, 6907
List the prime factors of 7964348323.
7964348323
What are the prime factors of 266650512?
2, 3, 5555219
List the prime factors of 127903800.
2, 3, 5, 213173
List the prime factors of 378826294.
2, 7, 11, 19, 129469
List the prime factors of 1973562.
2, 3, 97, 3391
List the prime factors of 2470676.
2, 13, 47513
What are the prime factors of 65305961?
7, 307, 30389
What are the prime factors of 287157671?
287157671
List the prime factors of 78451836.
2, 3, 19, 47, 7321
What are the prime factors of 1079599053?
3, 13, 1187, 23321
List the prime factors of 324437268.
2, 3, 29, 107, 8713
List the prime factors of 49048048.
2, 7, 29, 15101
List the prime factors of 5342218818.
2, 3, 29, 4253, 7219
What are the prime factors of 2601928337?
23, 2711, 41729
What are the prime factors of 419979670?
2, 5, 11, 1013, 3769
What are the prime factors of 157180207?
631, 249097
What are the prime factors of 143256637?
17, 19, 37, 11987
What are the prime factors of 42244219?
71, 594989
List the prime factors of 554625115.
5, 11, 61, 165313
List the prime factors of 1239279817.
41, 479, 63103
List the prime factors of 49674908.
2, 251, 49477
List the prime factors of 1840360510.
2, 5, 184036051
List the prime factors of 1836203034.
2, 3, 29, 10552891
What are the prime factors of 1003617333?
3, 283, 394039
What are the prime factors of 1004761564?
2, 43, 109, 53593
List the prime factors of 15141293.
2267, 6679
List the prime factors of 138085704.
2, 3, 29, 41, 1613
What are the prime factors of 569212423?
13, 83, 131, 4027
What are the prime factors of 243684489?
3, 1129, 71947
List the prime factors of 2996837738.
2, 19, 78864151
What are the prime factors of 722770459?
617, 1171427
List the prime factors of 37003497.
3, 67, 227, 811
What are the prime factors of 128789129?
7, 18398447
What are the prime factors of 1407399444?
2, 3, 11, 3554039
What are the prime factors of 3479388616?
2, 11, 103, 383869
List the prime factors of 14334621.
3, 7, 17, 40153
List the prime factors of 59334716.
2, 7, 541, 3917
List the prime factors of 1185607969.
7, 13, 265891
What are the prime factors of 330228469?
330228469
What are the prime factors of 665029745?
5, 133005949
List the prime factors of 233116955.
5, 46623391
What are the prime factors of 70944504?
2, 3, 2956021
What are the prime factors of 1596853027?
7, 11, 17, 73, 983
What are the prime factors of 5333399686?
2, 29, 829, 110923
What are the prime factors of 225504423?
3, 241, 103967
List the prime factors of 759751511.
461, 701, 2351
List the prime factors of 24975249.
3, 13, 151, 4241
What are the prime factors of 282981972?
2, 3, 7, 13, 19, 23, 593
What are the prime factors of 18970784?
2, 7, 84691
List the prime factors of 87121417.
103, 223, 3793
List the prime factors of 71570805.
3, 5, 157, 30391
What are the prime factors of 123793896?
2, 3, 71, 72649
List the prime factors of 894282243.
3, 298094081
List the prime factors of 39769791.
3, 13256597
What are the prime factors of 27576597?
3, 67, 137197
List the prime factors of 54287314.
2, 23, 1180159
What are the prime factors of 5413435?
5, 41, 26407
What are the prime factors of 1616066137?
7, 239, 965969
What are the prime factors of 43724431?
29, 51991
What are the prime factors of 240060414?
2, 3, 11, 3637279
List the prime factors of 7791391.
7791391
What are the prime factors of 420154450?
2, 5, 8403089
What are the prime factors of 2007266084?
2, 501816521
What are the prime factors of 90134765?
5, 7, 17, 19, 67
What are the prime factors of 35597121?
3, 7, 137, 12373
List the prime factors of 624841686.
2, 3, 7, 43, 115327
List the prime factors of 17441016.
2, 3, 823, 883
List the prime factors of 1731936094.
2, 7, 123709721
What are the prime factors of 352222358?
2, 176111179
What are the prime factors of 2648020387?
3343, 792109
What are the prime factors of 374628032?
2, 29, 201847
What are the prime factors of 90643187?
3719, 24373
List the prime factors of 41904041.
41904041
List the prime factors of 314200249.
11, 73, 391283
What are the prime factors of 615714107?
615714107
What are the prime factors of 17836374?
2, 3, 2972729
What are the prime factors of 1114615690?
2, 5, 307, 363067
List the prime factors of 5343753280.
2, 5, 97, 172157
List the prime factors of 2651037684.
2, 3, 23, 9605209
What are the prime factors of 36721052?
2, 9180263
What are the prime factors of 1829266244?
2, 13, 35178197
List the prime factors of 249835470.
2, 3, 5, 37, 225077
List the prime factors of 90339539.
89, 1015051
List the prime factors of 11278568.
2, 7, 201403
What are the prime factors of 316220385?
3, 5, 13, 1621643
List the prime factors of 4847592782.
2, 2423796391
List the prime factors of 102889369.
11, 9353579
List the prime factors of 169256126.
2, 13, 23, 383, 739
List the prime factors of 2380060328.
2, 1447, 205603
List the prime factors of 380564335.
5, 76112867
List the prime factors of 574659802.
2, 37, 7765673
List the prime factors of 67053134.
2, 17, 89, 22159
List the prime factors of 261745476.
2, 3, 41, 59, 71, 127
What are the prime factors of 74775959?
74775959
What are the prime factors of 162344510